{"id":516,"date":"2023-04-04T21:29:39","date_gmt":"2023-04-04T21:29:39","guid":{"rendered":"https:\/\/stb-klein-b\u00f6lting.de\/?page_id=516"},"modified":"2025-12-12T10:22:39","modified_gmt":"2025-12-12T10:22:39","slug":"ueber-mich","status":"publish","type":"page","link":"https:\/\/stb-klein-b\u00f6lting.de\/?page_id=516","title":{"rendered":"\u00dcber mich"},"content":{"rendered":"\n<div class=\"wp-block-kenta-blocks-cover alignfull kb-cover-66cfe183 kb-cover kb-cover-has-overlay\"><div class=\"kb-cover-inner-container\">\n<div class=\"wp-block-kenta-blocks-spacer kb-spacer-735a13a1 kb-spacer\" aria-hidden=\"true\"><\/div>\n\n\n\n<div class=\"wp-block-kenta-blocks-spacer kb-spacer-3176aaea kb-spacer\" aria-hidden=\"true\"><\/div>\n\n\n\n<div class=\"wp-block-kenta-blocks-heading kb-heading kb-heading-h1 kb-heading-9dbf388e kenta-scroll-reveal\"><h1 class=\"\"><\/h1><\/div>\n\n\n\n<div class=\"wp-block-kenta-blocks-spacer kb-spacer-6bedc7c4 kb-spacer\" aria-hidden=\"true\"><\/div>\n\n\n\n<div class=\"wp-block-kenta-blocks-spacer kb-spacer-84d1eda8 kb-spacer\" aria-hidden=\"true\"><\/div>\n<\/div><\/div>\n\n\n\n<div class=\"wp-block-columns alignwide is-layout-flex wp-container-5\">\n<div class=\"wp-block-column is-layout-flow\" style=\"flex-basis:50%\">\n<h2 class=\"wp-block-heading\">\u00dcber mich &#8211; Christina Klein-B\u00f6lting<\/h2>\n\n\n\n<p>Nach bestandener Steuerberaterpr\u00fcfung im Jahr 2017 war ich zun\u00e4chst weiterhin in einer Soziet\u00e4t mit gemischten Mandaten mit einem gro\u00dfen Anteil an Immobilien-Mandaten t\u00e4tig. Im Jahr 2019 bin ich dann angestellte Gesch\u00e4ftsf\u00fchrerin einer Steuerberatungsgesellschaft mit Spezialisierung auf Kreditinstitute und Immobilien geworden, wobei ich den Bereich Immobilien betreut habe. Die Gesellschaft wurde wegen Todes des Gesellschafters im Jahr 2020 aufgel\u00f6st.<br>Die Zeit der coronabedingten Einschr\u00e4nkungen habe ich zur Erweiterung meiner Fachkenntnisse in den Bereichen Pflege und Immobilien genutzt und im Jahr 2021 beim IFU-Institut den Lehrgang mit der Auszeichnung<strong> \u201eZertifizierte Beraterin f\u00fcr Pflegeeinrichtungen (IFU\/ISM gGmbH)\u201c&nbsp;<\/strong>und im Jahr 2022 dann den Lehrgang mit der Auszeichnung <strong>\u201eZertifizierte Beraterin f\u00fcr Immobilienbesteuerung und -verwaltung (IFU\/ISM gGmbH)\u201c&nbsp;<\/strong>erfolgreich absolviert, da mir diese beiden Bereiche besonders viel Freude machen.<br>Durch meine famili\u00e4re N\u00e4he zu ambulanten Pflegeeinrichtungen und Betreuungsdiensten f\u00fcr Senioren verf\u00fcge ich \u00fcber einen gro\u00dfen praktischen Erfahrungsschatz und kenne die branchenspezifischen Besonderheiten, betrieblichen Abl\u00e4ufe sowie die stetig wachsenden Herausforderungen im Pflegesektor.&nbsp;<br>Aber auch die klassische Steuerberatung geh\u00f6rt nat\u00fcrlich zu meinem Kerngesch\u00e4ft.&nbsp;<br>Schauen Sie hierzu gerne in mein Dienstleistungsportal oder rufen Sie direkt an, dann k\u00f6nnen wir pers\u00f6nlich besprechen, in welchen Bereichen Sie meine Unterst\u00fctzung ben\u00f6tigen.<br>Die Erstberatung ist unverbindlich und kostenfrei!<\/p>\n\n\n\n<div class=\"wp-block-kenta-blocks-buttons kb-buttons kb-buttons-f39f5568\">\n<div class=\"kb-button-wrapper kb-button-wrapper-de082b56\"><a class=\"wp-block-kenta-blocks-button kb-button kb-button-de082b56 kb-button-right\" href=\"https:\/\/stb-klein-b\u00f6lting.de\/?page_id=136\"><i class=\"far fa-circle-play\"><\/i><span>Zu meinen Dienstleistungen<\/span><\/a><\/div>\n<\/div>\n<\/div>\n\n\n\n<div class=\"wp-block-column is-vertically-aligned-center is-layout-flow\" style=\"flex-basis:50%\">\n<figure class=\"wp-block-gallery has-nested-images columns-2 is-cropped wp-block-gallery-2 is-layout-flex\">\n<figure class=\"wp-block-image size-large\"><img decoding=\"async\" loading=\"lazy\" width=\"1024\" height=\"768\" src=\"https:\/\/stb-klein-b\u00f6lting.de\/wp-content\/uploads\/2023\/03\/IMG_3472-1024x768.jpg\" alt=\"\" class=\"wp-image-332\" srcset=\"https:\/\/stb-klein-b\u00f6lting.de\/wp-content\/uploads\/2023\/03\/IMG_3472-1024x768.jpg 1024w, https:\/\/stb-klein-b\u00f6lting.de\/wp-content\/uploads\/2023\/03\/IMG_3472-300x225.jpg 300w, https:\/\/stb-klein-b\u00f6lting.de\/wp-content\/uploads\/2023\/03\/IMG_3472-768x576.jpg 768w, https:\/\/stb-klein-b\u00f6lting.de\/wp-content\/uploads\/2023\/03\/IMG_3472-1536x1152.jpg 1536w, https:\/\/stb-klein-b\u00f6lting.de\/wp-content\/uploads\/2023\/03\/IMG_3472-2048x1536.jpg 2048w\" sizes=\"(max-width: 1024px) 100vw, 1024px\" \/><\/figure>\n\n\n\n<figure class=\"wp-block-image size-large\"><img decoding=\"async\" loading=\"lazy\" width=\"988\" height=\"1024\" src=\"https:\/\/stb-klein-b\u00f6lting.de\/wp-content\/uploads\/2023\/03\/IMG_3456-scaled-e1678798946433-988x1024.jpg\" alt=\"\" class=\"wp-image-333\" srcset=\"https:\/\/stb-klein-b\u00f6lting.de\/wp-content\/uploads\/2023\/03\/IMG_3456-scaled-e1678798946433-988x1024.jpg 988w, https:\/\/stb-klein-b\u00f6lting.de\/wp-content\/uploads\/2023\/03\/IMG_3456-scaled-e1678798946433-289x300.jpg 289w, https:\/\/stb-klein-b\u00f6lting.de\/wp-content\/uploads\/2023\/03\/IMG_3456-scaled-e1678798946433-768x796.jpg 768w, https:\/\/stb-klein-b\u00f6lting.de\/wp-content\/uploads\/2023\/03\/IMG_3456-scaled-e1678798946433-1482x1536.jpg 1482w, https:\/\/stb-klein-b\u00f6lting.de\/wp-content\/uploads\/2023\/03\/IMG_3456-scaled-e1678798946433.jpg 1920w\" sizes=\"(max-width: 988px) 100vw, 988px\" \/><\/figure>\n\n\n\n<figure class=\"wp-block-image size-large\"><img decoding=\"async\" loading=\"lazy\" width=\"1024\" height=\"684\" src=\"https:\/\/stb-klein-b\u00f6lting.de\/wp-content\/uploads\/2023\/03\/iStock-1445807367-1024x684.jpg\" alt=\"\" class=\"wp-image-350\" srcset=\"https:\/\/stb-klein-b\u00f6lting.de\/wp-content\/uploads\/2023\/03\/iStock-1445807367-1024x684.jpg 1024w, https:\/\/stb-klein-b\u00f6lting.de\/wp-content\/uploads\/2023\/03\/iStock-1445807367-300x200.jpg 300w, https:\/\/stb-klein-b\u00f6lting.de\/wp-content\/uploads\/2023\/03\/iStock-1445807367-768x513.jpg 768w, https:\/\/stb-klein-b\u00f6lting.de\/wp-content\/uploads\/2023\/03\/iStock-1445807367-1536x1025.jpg 1536w, https:\/\/stb-klein-b\u00f6lting.de\/wp-content\/uploads\/2023\/03\/iStock-1445807367-2048x1367.jpg 2048w\" sizes=\"(max-width: 1024px) 100vw, 1024px\" \/><\/figure>\n<\/figure>\n<\/div>\n<\/div>\n\n\n\n<h2 class=\"wp-block-heading has-text-align-center\">Team<\/h2>\n\n\n\n<div class=\"wp-block-columns is-layout-flex wp-container-8\">\n<div class=\"wp-block-column is-layout-flow\">\n<div class=\"wp-block-cover has-custom-content-position is-position-bottom-center\"><span aria-hidden=\"true\" class=\"wp-block-cover__background has-background-dim\"><\/span><img decoding=\"async\" loading=\"lazy\" width=\"720\" height=\"720\" class=\"wp-block-cover__image-background wp-image-636\" alt=\"\" src=\"https:\/\/stb-klein-b\u00f6lting.de\/wp-content\/uploads\/2024\/02\/avatar-1.png\" data-object-fit=\"cover\" srcset=\"https:\/\/stb-klein-b\u00f6lting.de\/wp-content\/uploads\/2024\/02\/avatar-1.png 720w, https:\/\/stb-klein-b\u00f6lting.de\/wp-content\/uploads\/2024\/02\/avatar-1-300x300.png 300w, https:\/\/stb-klein-b\u00f6lting.de\/wp-content\/uploads\/2024\/02\/avatar-1-150x150.png 150w\" sizes=\"(max-width: 720px) 100vw, 720px\" \/><div class=\"wp-block-cover__inner-container\">\n<p class=\"has-text-align-center has-large-font-size\">Ute W.<\/p>\n\n\n\n<p class=\"has-text-align-center has-large-font-size\"><em>(Finanzbuchhaltung)<\/em><\/p>\n<\/div><\/div>\n<\/div>\n\n\n\n<div class=\"wp-block-column is-layout-flow\">\n<div class=\"wp-block-cover has-custom-content-position is-position-bottom-center\"><span aria-hidden=\"true\" class=\"wp-block-cover__background has-background-dim\"><\/span><img decoding=\"async\" loading=\"lazy\" width=\"720\" height=\"720\" class=\"wp-block-cover__image-background wp-image-636\" alt=\"\" src=\"https:\/\/stb-klein-b\u00f6lting.de\/wp-content\/uploads\/2024\/02\/avatar-1.png\" data-object-fit=\"cover\" srcset=\"https:\/\/stb-klein-b\u00f6lting.de\/wp-content\/uploads\/2024\/02\/avatar-1.png 720w, https:\/\/stb-klein-b\u00f6lting.de\/wp-content\/uploads\/2024\/02\/avatar-1-300x300.png 300w, https:\/\/stb-klein-b\u00f6lting.de\/wp-content\/uploads\/2024\/02\/avatar-1-150x150.png 150w\" sizes=\"(max-width: 720px) 100vw, 720px\" \/><div class=\"wp-block-cover__inner-container\">\n<p class=\"has-text-align-center has-large-font-size\">Petra W.<\/p>\n\n\n\n<p class=\"has-text-align-center has-large-font-size\"><em>(Finanz- und Lohnbuchhaltung)<\/em><\/p>\n<\/div><\/div>\n<\/div>\n<\/div>\n\n\n\n<div class=\"wp-block-columns is-layout-flex wp-container-11\">\n<div class=\"wp-block-column is-layout-flow\">\n<div class=\"wp-block-cover has-custom-content-position is-position-bottom-center\"><span aria-hidden=\"true\" class=\"wp-block-cover__background has-background-dim\"><\/span><img decoding=\"async\" loading=\"lazy\" width=\"720\" height=\"720\" class=\"wp-block-cover__image-background wp-image-636\" alt=\"\" src=\"https:\/\/stb-klein-b\u00f6lting.de\/wp-content\/uploads\/2024\/02\/avatar-1.png\" data-object-fit=\"cover\" srcset=\"https:\/\/stb-klein-b\u00f6lting.de\/wp-content\/uploads\/2024\/02\/avatar-1.png 720w, https:\/\/stb-klein-b\u00f6lting.de\/wp-content\/uploads\/2024\/02\/avatar-1-300x300.png 300w, https:\/\/stb-klein-b\u00f6lting.de\/wp-content\/uploads\/2024\/02\/avatar-1-150x150.png 150w\" sizes=\"(max-width: 720px) 100vw, 720px\" \/><div class=\"wp-block-cover__inner-container\">\n<p class=\"has-text-align-center has-large-font-size\">Christina S.<\/p>\n\n\n\n<p class=\"has-text-align-center has-large-font-size\"><em>(Finanzbuchhaltung und Steuererkl\u00e4rungen)<\/em><\/p>\n<\/div><\/div>\n<\/div>\n\n\n\n<div class=\"wp-block-column is-layout-flow\"><\/div>\n<\/div>\n\n\n\n<div class=\"wp-block-kenta-blocks-spacer kb-spacer-6b61f6ff kb-spacer\" aria-hidden=\"true\"><\/div>\n","protected":false},"excerpt":{"rendered":"<p>\u00dcber mich &#8211; Christina Klein-B\u00f6lting Nach bestandener Steuerberaterpr\u00fcfung im Jahr 2017 war ich zun\u00e4chst weiterhin in einer Soziet\u00e4t mit gemischten Mandaten mit einem gro\u00dfen Anteil an Immobilien-Mandaten t\u00e4tig. Im Jahr 2019 bin ich dann angestellte Gesch\u00e4ftsf\u00fchrerin einer Steuerberatungsgesellschaft mit Spezialisierung auf Kreditinstitute und Immobilien geworden, wobei ich den Bereich Immobilien betreut habe. Die Gesellschaft wurde [&hellip;]<\/p>\n","protected":false},"author":1,"featured_media":0,"parent":0,"menu_order":0,"comment_status":"closed","ping_status":"closed","template":"","meta":{"site-container-style":"boxed","site-container-layout":"normal","site-sidebar-layout":"no-sidebar","site-transparent-header":"disable","disable-article-header":"yes","disable-site-header":"default","disable-site-footer":"default","disable-content-area-spacing":"yes"},"_links":{"self":[{"href":"https:\/\/stb-klein-b\u00f6lting.de\/index.php?rest_route=\/wp\/v2\/pages\/516"}],"collection":[{"href":"https:\/\/stb-klein-b\u00f6lting.de\/index.php?rest_route=\/wp\/v2\/pages"}],"about":[{"href":"https:\/\/stb-klein-b\u00f6lting.de\/index.php?rest_route=\/wp\/v2\/types\/page"}],"author":[{"embeddable":true,"href":"https:\/\/stb-klein-b\u00f6lting.de\/index.php?rest_route=\/wp\/v2\/users\/1"}],"replies":[{"embeddable":true,"href":"https:\/\/stb-klein-b\u00f6lting.de\/index.php?rest_route=%2Fwp%2Fv2%2Fcomments&post=516"}],"version-history":[{"count":58,"href":"https:\/\/stb-klein-b\u00f6lting.de\/index.php?rest_route=\/wp\/v2\/pages\/516\/revisions"}],"predecessor-version":[{"id":645,"href":"https:\/\/stb-klein-b\u00f6lting.de\/index.php?rest_route=\/wp\/v2\/pages\/516\/revisions\/645"}],"wp:attachment":[{"href":"https:\/\/stb-klein-b\u00f6lting.de\/index.php?rest_route=%2Fwp%2Fv2%2Fmedia&parent=516"}],"curies":[{"name":"wp","href":"https:\/\/api.w.org\/{rel}","templated":true}]}}

https://stb-klein-bölting.de/?page_id=516

Über mich

<div class="wp-block-kenta-blocks-cover alignfull kb-cover-66cfe183 kb-cover kb-cover-has-overlay"><div class="kb-cover-inner-container">
<div class="wp-block-kenta-blocks-spacer kb-spacer-735a13a1 kb-spacer" aria-hidden="true"></div>



<div class="wp-block-kenta-blocks-spacer kb-spacer-3176aaea kb-spacer" aria-hidden="true"></div>



<div class="wp-block-kenta-blocks-heading kb-heading kb-heading-h1 kb-heading-9dbf388e kenta-scroll-reveal"><h1 class=""></h1></div>



<div class="wp-block-kenta-blocks-spacer kb-spacer-6bedc7c4 kb-spacer" aria-hidden="true"></div>



<div class="wp-block-kenta-blocks-spacer kb-spacer-84d1eda8 kb-spacer" aria-hidden="true"></div>
</div></div>



<div class="wp-block-columns alignwide is-layout-flex wp-container-5">
<div class="wp-block-column is-layout-flow" style="flex-basis:50%">
<h2 class="wp-block-heading">Über mich &#8211; Christina Klein-Bölting</h2>



<p>Nach bestandener Steuerberaterprüfung im Jahr 2017 war ich zunächst weiterhin in einer Sozietät mit gemischten Mandaten mit einem großen Anteil an Immobilien-Mandaten tätig. Im Jahr 2019 bin ich dann angestellte Geschäftsführerin einer Steuerberatungsgesellschaft mit Spezialisierung auf Kreditinstitute und Immobilien geworden, wobei ich den Bereich Immobilien betreut habe. Die Gesellschaft wurde wegen Todes des Gesellschafters im Jahr 2020 aufgelöst.<br>Die Zeit der coronabedingten Einschränkungen habe ich zur Erweiterung meiner Fachkenntnisse in den Bereichen Pflege und Immobilien genutzt und im Jahr 2021 beim IFU-Institut den Lehrgang mit der Auszeichnung<strong> „Zertifizierte Beraterin für Pflegeeinrichtungen (IFU/ISM gGmbH)“&nbsp;</strong>und im Jahr 2022 dann den Lehrgang mit der Auszeichnung <strong>„Zertifizierte Beraterin für Immobilienbesteuerung und -verwaltung (IFU/ISM gGmbH)“&nbsp;</strong>erfolgreich absolviert, da mir diese beiden Bereiche besonders viel Freude machen.<br>Durch meine familiäre Nähe zu ambulanten Pflegeeinrichtungen und Betreuungsdiensten für Senioren verfüge ich über einen großen praktischen Erfahrungsschatz und kenne die branchenspezifischen Besonderheiten, betrieblichen Abläufe sowie die stetig wachsenden Herausforderungen im Pflegesektor.&nbsp;<br>Aber auch die klassische Steuerberatung gehört natürlich zu meinem Kerngeschäft.&nbsp;<br>Schauen Sie hierzu gerne in mein Dienstleistungsportal oder rufen Sie direkt an, dann können wir persönlich besprechen, in welchen Bereichen Sie meine Unterstützung benötigen.<br>Die Erstberatung ist unverbindlich und kostenfrei!</p>



<div class="wp-block-kenta-blocks-buttons kb-buttons kb-buttons-f39f5568">
<div class="kb-button-wrapper kb-button-wrapper-de082b56"><a class="wp-block-kenta-blocks-button kb-button kb-button-de082b56 kb-button-right" href="https://stb-klein-bölting.de/?page_id=136"><i class="far fa-circle-play"></i><span>Zu meinen Dienstleistungen</span></a></div>
</div>
</div>



<div class="wp-block-column is-vertically-aligned-center is-layout-flow" style="flex-basis:50%">
<figure class="wp-block-gallery has-nested-images columns-2 is-cropped wp-block-gallery-2 is-layout-flex">
<figure class="wp-block-image size-large"><img decoding="async" loading="lazy" width="1024" height="768" src="https://stb-klein-bölting.de/wp-content/uploads/2023/03/IMG_3472-1024x768.jpg" alt="" class="wp-image-332" srcset="https://stb-klein-bölting.de/wp-content/uploads/2023/03/IMG_3472-1024x768.jpg 1024w, https://stb-klein-bölting.de/wp-content/uploads/2023/03/IMG_3472-300x225.jpg 300w, https://stb-klein-bölting.de/wp-content/uploads/2023/03/IMG_3472-768x576.jpg 768w, https://stb-klein-bölting.de/wp-content/uploads/2023/03/IMG_3472-1536x1152.jpg 1536w, https://stb-klein-bölting.de/wp-content/uploads/2023/03/IMG_3472-2048x1536.jpg 2048w" sizes="(max-width: 1024px) 100vw, 1024px" /></figure>



<figure class="wp-block-image size-large"><img decoding="async" loading="lazy" width="988" height="1024" src="https://stb-klein-bölting.de/wp-content/uploads/2023/03/IMG_3456-scaled-e1678798946433-988x1024.jpg" alt="" class="wp-image-333" srcset="https://stb-klein-bölting.de/wp-content/uploads/2023/03/IMG_3456-scaled-e1678798946433-988x1024.jpg 988w, https://stb-klein-bölting.de/wp-content/uploads/2023/03/IMG_3456-scaled-e1678798946433-289x300.jpg 289w, https://stb-klein-bölting.de/wp-content/uploads/2023/03/IMG_3456-scaled-e1678798946433-768x796.jpg 768w, https://stb-klein-bölting.de/wp-content/uploads/2023/03/IMG_3456-scaled-e1678798946433-1482x1536.jpg 1482w, https://stb-klein-bölting.de/wp-content/uploads/2023/03/IMG_3456-scaled-e1678798946433.jpg 1920w" sizes="(max-width: 988px) 100vw, 988px" /></figure>



<figure class="wp-block-image size-large"><img decoding="async" loading="lazy" width="1024" height="684" src="https://stb-klein-bölting.de/wp-content/uploads/2023/03/iStock-1445807367-1024x684.jpg" alt="" class="wp-image-350" srcset="https://stb-klein-bölting.de/wp-content/uploads/2023/03/iStock-1445807367-1024x684.jpg 1024w, https://stb-klein-bölting.de/wp-content/uploads/2023/03/iStock-1445807367-300x200.jpg 300w, https://stb-klein-bölting.de/wp-content/uploads/2023/03/iStock-1445807367-768x513.jpg 768w, https://stb-klein-bölting.de/wp-content/uploads/2023/03/iStock-1445807367-1536x1025.jpg 1536w, https://stb-klein-bölting.de/wp-content/uploads/2023/03/iStock-1445807367-2048x1367.jpg 2048w" sizes="(max-width: 1024px) 100vw, 1024px" /></figure>
</figure>
</div>
</div>



<h2 class="wp-block-heading has-text-align-center">Team</h2>



<div class="wp-block-columns is-layout-flex wp-container-8">
<div class="wp-block-column is-layout-flow">
<div class="wp-block-cover has-custom-content-position is-position-bottom-center"><span aria-hidden="true" class="wp-block-cover__background has-background-dim"></span><img decoding="async" loading="lazy" width="720" height="720" class="wp-block-cover__image-background wp-image-636" alt="" src="https://stb-klein-bölting.de/wp-content/uploads/2024/02/avatar-1.png" data-object-fit="cover" srcset="https://stb-klein-bölting.de/wp-content/uploads/2024/02/avatar-1.png 720w, https://stb-klein-bölting.de/wp-content/uploads/2024/02/avatar-1-300x300.png 300w, https://stb-klein-bölting.de/wp-content/uploads/2024/02/avatar-1-150x150.png 150w" sizes="(max-width: 720px) 100vw, 720px" /><div class="wp-block-cover__inner-container">
<p class="has-text-align-center has-large-font-size">Ute W.</p>



<p class="has-text-align-center has-large-font-size"><em>(Finanzbuchhaltung)</em></p>
</div></div>
</div>



<div class="wp-block-column is-layout-flow">
<div class="wp-block-cover has-custom-content-position is-position-bottom-center"><span aria-hidden="true" class="wp-block-cover__background has-background-dim"></span><img decoding="async" loading="lazy" width="720" height="720" class="wp-block-cover__image-background wp-image-636" alt="" src="https://stb-klein-bölting.de/wp-content/uploads/2024/02/avatar-1.png" data-object-fit="cover" srcset="https://stb-klein-bölting.de/wp-content/uploads/2024/02/avatar-1.png 720w, https://stb-klein-bölting.de/wp-content/uploads/2024/02/avatar-1-300x300.png 300w, https://stb-klein-bölting.de/wp-content/uploads/2024/02/avatar-1-150x150.png 150w" sizes="(max-width: 720px) 100vw, 720px" /><div class="wp-block-cover__inner-container">
<p class="has-text-align-center has-large-font-size">Petra W.</p>



<p class="has-text-align-center has-large-font-size"><em>(Finanz- und Lohnbuchhaltung)</em></p>
</div></div>
</div>
</div>



<div class="wp-block-columns is-layout-flex wp-container-11">
<div class="wp-block-column is-layout-flow">
<div class="wp-block-cover has-custom-content-position is-position-bottom-center"><span aria-hidden="true" class="wp-block-cover__background has-background-dim"></span><img decoding="async" loading="lazy" width="720" height="720" class="wp-block-cover__image-background wp-image-636" alt="" src="https://stb-klein-bölting.de/wp-content/uploads/2024/02/avatar-1.png" data-object-fit="cover" srcset="https://stb-klein-bölting.de/wp-content/uploads/2024/02/avatar-1.png 720w, https://stb-klein-bölting.de/wp-content/uploads/2024/02/avatar-1-300x300.png 300w, https://stb-klein-bölting.de/wp-content/uploads/2024/02/avatar-1-150x150.png 150w" sizes="(max-width: 720px) 100vw, 720px" /><div class="wp-block-cover__inner-container">
<p class="has-text-align-center has-large-font-size">Christina S.</p>



<p class="has-text-align-center has-large-font-size"><em>(Finanzbuchhaltung und Steuererklärungen)</em></p>
</div></div>
</div>



<div class="wp-block-column is-layout-flow"></div>
</div>



<div class="wp-block-kenta-blocks-spacer kb-spacer-6b61f6ff kb-spacer" aria-hidden="true"></div>

<p>Über mich &#8211; Christina Klein-Bölting Nach bestandener Steuerberaterprüfung im Jahr 2017 war ich zunächst weiterhin in einer Sozietät mit gemischten Mandaten mit einem großen Anteil an Immobilien-Mandaten tätig. Im Jahr 2019 bin ich dann angestellte Geschäftsführerin einer Steuerberatungsgesellschaft mit Spezialisierung auf Kreditinstitute und Immobilien geworden, wobei ich den Bereich Immobilien betreut habe. Die Gesellschaft wurde [&hellip;]</p>

https://stb-klein-bölting.de/index.php?rest_route=/wp/v2/pages/516

https://stb-klein-bölting.de/index.php?rest_route=/wp/v2/pages

https://stb-klein-bölting.de/index.php?rest_route=/wp/v2/types/page

https://stb-klein-bölting.de/index.php?rest_route=/wp/v2/users/1

https://stb-klein-bölting.de/index.php?rest_route=%2Fwp%2Fv2%2Fcomments&post=516

https://stb-klein-bölting.de/index.php?rest_route=/wp/v2/pages/516/revisions

https://stb-klein-bölting.de/index.php?rest_route=/wp/v2/pages/516/revisions/645

https://stb-klein-bölting.de/index.php?rest_route=%2Fwp%2Fv2%2Fmedia&parent=516
