{"id":270,"date":"2023-03-13T20:49:35","date_gmt":"2023-03-13T20:49:35","guid":{"rendered":"https:\/\/stb-klein-b\u00f6lting.de\/?page_id=270"},"modified":"2023-04-05T21:30:36","modified_gmt":"2023-04-05T21:30:36","slug":"spezialberatung","status":"publish","type":"page","link":"https:\/\/stb-klein-b\u00f6lting.de\/?page_id=270","title":{"rendered":"Spezialberatung"},"content":{"rendered":"\n<div class=\"wp-block-kenta-blocks-cover alignfull kb-cover-337751a2 kb-cover kb-cover-has-overlay\"><div class=\"kb-cover-inner-container\">\n<div class=\"wp-block-kenta-blocks-spacer kb-spacer-79f83182 kb-spacer\" aria-hidden=\"true\"><\/div>\n\n\n\n<div class=\"wp-block-kenta-blocks-heading kb-heading kb-heading-h1 kb-heading-5f782c95 kenta-scroll-reveal\"><h1>Beratung f\u00fcr<br>Pflegeeinrich-<br>tungen<\/h1><\/div>\n\n\n\n<div class=\"wp-block-kenta-blocks-section kb-section-9ff344f3 kb-section\">\n<div class=\"wp-block-kenta-blocks-column kb-column-wrapper kb-column-wrapper-93ed249e\"><div class=\"kb-column kb-column-93ed249e\"><div class=\"kb-column-content\">\n<p class=\"has-background\" style=\"background:linear-gradient(135deg,rgba(255,255,255,0.64) 0%,rgba(255,255,255,0.64) 100%)\"><strong>Durch meine Zertifizierung zur Beraterin f\u00fcr Pflegeeinrichtungen (IFU\/ISM gGmbH) verf\u00fcge ich \u00fcber Spezialkenntnisse in diesem Bereich. Im Folgenden finden Sie eine \u00dcbersicht und beispielhafte Auflistung m\u00f6glicher Themen.<\/strong><\/p>\n<\/div><\/div><\/div>\n\n\n\n<div class=\"wp-block-kenta-blocks-column kb-column-wrapper kb-column-wrapper-0c99e9a4\"><div class=\"kb-column kb-column-0c99e9a4\"><div class=\"kb-column-content\"><\/div><\/div><\/div>\n<\/div>\n\n\n\n<div class=\"wp-block-kenta-blocks-spacer kb-spacer-530f5646 kb-spacer\" aria-hidden=\"true\"><\/div>\n<\/div><\/div>\n\n\n\n<div class=\"wp-block-kenta-blocks-section alignwide kb-section-23528324 kb-section\">\n<div class=\"wp-block-kenta-blocks-column kb-column-wrapper kb-column-wrapper-9a39d2a2 kenta-scroll-reveal\"><div class=\"kb-column kb-column-9a39d2a2\"><div class=\"kb-column-content\">\n<div class=\"wp-block-kenta-blocks-heading kb-heading kb-heading-h3 kb-heading-80fae00b\"><h3>Themen und Fachkenntnisse<\/h3><\/div>\n\n\n\n<ul>\n<li>Rechtliche Grundlagen und Rahmenbedingungen der verschiedenen Pflege- und Betreuungsformen<\/li>\n\n\n\n<li>Pflegebuchf\u00fchrungsverordnung und Besonderheiten bei der Besteuerung von Pflegeeinrichtungen in privater Tr\u00e4gerschaft<\/li>\n\n\n\n<li>Nutzung der unterschiedlichen Leistungsgrundlagen des Sozialgesetzbuches je nach Art des Pflegebetriebs und der Versorgung (ambulante, teilstation\u00e4re und vollstation\u00e4re Pflege)<\/li>\n\n\n\n<li>Kalkulation von Pfleges\u00e4tzen und Leistungen<\/li>\n\n\n\n<li>Berechnungsgrundlagen f\u00fcr Verg\u00fctungsverhandlungen mit den Pflegekassen<\/li>\n\n\n\n<li>M\u00f6glichkeit der F\u00f6rderung von Investitionsaufwendungen<\/li>\n\n\n\n<li>Aktuelle Entwicklungen im Pflegesektor (z.B. Ambulantisierung der Pflege, Umsetzung der tarifgerechten Entlohnung)<\/li>\n<\/ul>\n<\/div><\/div><\/div>\n<\/div>\n\n\n\n<div class=\"wp-block-kenta-blocks-cover alignfull kb-cover-1fb89e1e kb-cover kb-cover-has-overlay\"><div class=\"kb-cover-inner-container\">\n<div class=\"wp-block-kenta-blocks-spacer kb-spacer-dee6dc32 kb-spacer\" aria-hidden=\"true\"><\/div>\n\n\n\n<div class=\"wp-block-kenta-blocks-heading kb-heading kb-heading-h1 kb-heading-818c1d7f kenta-scroll-reveal\"><h1>Beratung f\u00fcr<br>IMMOBILIEN<\/h1><\/div>\n\n\n\n<div class=\"wp-block-kenta-blocks-section kb-section-6ae9044b kb-section\">\n<div class=\"wp-block-kenta-blocks-column kb-column-wrapper kb-column-wrapper-171b6416\"><div class=\"kb-column kb-column-171b6416\"><div class=\"kb-column-content\">\n<p class=\"has-background\" style=\"background:linear-gradient(135deg,rgba(255,255,255,0.64) 0%,rgba(255,255,255,0.64) 100%)\"><strong>Durch meine Zertifizierung zur Beraterin f\u00fcr die Immobilienbesteuerung und -verwaltung (IFU\/ISM gGmbH) verf\u00fcge ich \u00fcber Spezialkenntnisse im Immobilienbereich. Im Folgenden finden Sie eine \u00dcbersicht und beispielhafte Auflistung m\u00f6glicher Themen.<\/strong><\/p>\n<\/div><\/div><\/div>\n\n\n\n<div class=\"wp-block-kenta-blocks-column kb-column-wrapper kb-column-wrapper-61e8394c\"><div class=\"kb-column kb-column-61e8394c\"><div class=\"kb-column-content\"><\/div><\/div><\/div>\n<\/div>\n\n\n\n<div class=\"wp-block-kenta-blocks-spacer kb-spacer-92bdfaf6 kb-spacer\" aria-hidden=\"true\"><\/div>\n<\/div><\/div>\n\n\n\n<div class=\"wp-block-kenta-blocks-section alignwide kb-section-023cf872 kb-section\">\n<div class=\"wp-block-kenta-blocks-column kb-column-wrapper kb-column-wrapper-2e048b30 kenta-scroll-reveal\"><div class=\"kb-column kb-column-2e048b30\"><div class=\"kb-column-content\">\n<div class=\"wp-block-kenta-blocks-heading kb-heading kb-heading-h3 kb-heading-20fdfc98\"><h3>Themen und Fachkenntnisse<\/h3><\/div>\n\n\n\n<ul>\n<li>Vermietung im Bereich des Privatverm\u00f6gens und Sonderf\u00e4lle (verbilligte Vermietung, Luxuswohnungen, Ferienwohnungen)<\/li>\n\n\n\n<li>Besonderheiten bei Werbungskosten (vorweggenommene und nachtr\u00e4gliche Werbungskosten, Erhaltungsaufwendungen versus Herstellungskosten)<\/li>\n\n\n\n<li>Abgrenzung zwischen privater Verm\u00f6gensverwaltung und Gewerblichkeit<\/li>\n\n\n\n<li>Sonderformen der Nutzungs\u00fcberlassung von Grundbesitz im Betriebsverm\u00f6gen&nbsp;&nbsp;&nbsp;&nbsp;<br>(z.B. Gewerblicher Grundst\u00fcckshandel, Betriebsaufspaltung)<\/li>\n\n\n\n<li>Ver\u00e4u\u00dferung und \u00dcbertragung von Grundbesitz im Privat- und Betriebsverm\u00f6gen<\/li>\n\n\n\n<li>Verm\u00f6gensverwaltende Gesellschaften<\/li>\n\n\n\n<li>Aktuelle Entwicklungen im Immobilienbereich (z.B. Sonderabschreibung f\u00fcr Mietwohnungsneubau)<\/li>\n<\/ul>\n<\/div><\/div><\/div>\n<\/div>\n","protected":false},"excerpt":{"rendered":"","protected":false},"author":1,"featured_media":0,"parent":0,"menu_order":0,"comment_status":"closed","ping_status":"closed","template":"","meta":{"site-container-style":"boxed","site-container-layout":"normal","site-sidebar-layout":"no-sidebar","site-transparent-header":"disable","disable-article-header":"yes","disable-site-header":"default","disable-site-footer":"default","disable-content-area-spacing":"yes"},"_links":{"self":[{"href":"https:\/\/stb-klein-b\u00f6lting.de\/index.php?rest_route=\/wp\/v2\/pages\/270"}],"collection":[{"href":"https:\/\/stb-klein-b\u00f6lting.de\/index.php?rest_route=\/wp\/v2\/pages"}],"about":[{"href":"https:\/\/stb-klein-b\u00f6lting.de\/index.php?rest_route=\/wp\/v2\/types\/page"}],"author":[{"embeddable":true,"href":"https:\/\/stb-klein-b\u00f6lting.de\/index.php?rest_route=\/wp\/v2\/users\/1"}],"replies":[{"embeddable":true,"href":"https:\/\/stb-klein-b\u00f6lting.de\/index.php?rest_route=%2Fwp%2Fv2%2Fcomments&post=270"}],"version-history":[{"count":29,"href":"https:\/\/stb-klein-b\u00f6lting.de\/index.php?rest_route=\/wp\/v2\/pages\/270\/revisions"}],"predecessor-version":[{"id":605,"href":"https:\/\/stb-klein-b\u00f6lting.de\/index.php?rest_route=\/wp\/v2\/pages\/270\/revisions\/605"}],"wp:attachment":[{"href":"https:\/\/stb-klein-b\u00f6lting.de\/index.php?rest_route=%2Fwp%2Fv2%2Fmedia&parent=270"}],"curies":[{"name":"wp","href":"https:\/\/api.w.org\/{rel}","templated":true}]}}

https://stb-klein-bölting.de/?page_id=270

<div class="wp-block-kenta-blocks-cover alignfull kb-cover-337751a2 kb-cover kb-cover-has-overlay"><div class="kb-cover-inner-container">
<div class="wp-block-kenta-blocks-spacer kb-spacer-79f83182 kb-spacer" aria-hidden="true"></div>



<div class="wp-block-kenta-blocks-heading kb-heading kb-heading-h1 kb-heading-5f782c95 kenta-scroll-reveal"><h1>Beratung für<br>Pflegeeinrich-<br>tungen</h1></div>



<div class="wp-block-kenta-blocks-section kb-section-9ff344f3 kb-section">
<div class="wp-block-kenta-blocks-column kb-column-wrapper kb-column-wrapper-93ed249e"><div class="kb-column kb-column-93ed249e"><div class="kb-column-content">
<p class="has-background" style="background:linear-gradient(135deg,rgba(255,255,255,0.64) 0%,rgba(255,255,255,0.64) 100%)"><strong>Durch meine Zertifizierung zur Beraterin für Pflegeeinrichtungen (IFU/ISM gGmbH) verfüge ich über Spezialkenntnisse in diesem Bereich. Im Folgenden finden Sie eine Übersicht und beispielhafte Auflistung möglicher Themen.</strong></p>
</div></div></div>



<div class="wp-block-kenta-blocks-column kb-column-wrapper kb-column-wrapper-0c99e9a4"><div class="kb-column kb-column-0c99e9a4"><div class="kb-column-content"></div></div></div>
</div>



<div class="wp-block-kenta-blocks-spacer kb-spacer-530f5646 kb-spacer" aria-hidden="true"></div>
</div></div>



<div class="wp-block-kenta-blocks-section alignwide kb-section-23528324 kb-section">
<div class="wp-block-kenta-blocks-column kb-column-wrapper kb-column-wrapper-9a39d2a2 kenta-scroll-reveal"><div class="kb-column kb-column-9a39d2a2"><div class="kb-column-content">
<div class="wp-block-kenta-blocks-heading kb-heading kb-heading-h3 kb-heading-80fae00b"><h3>Themen und Fachkenntnisse</h3></div>



<ul>
<li>Rechtliche Grundlagen und Rahmenbedingungen der verschiedenen Pflege- und Betreuungsformen</li>



<li>Pflegebuchführungsverordnung und Besonderheiten bei der Besteuerung von Pflegeeinrichtungen in privater Trägerschaft</li>



<li>Nutzung der unterschiedlichen Leistungsgrundlagen des Sozialgesetzbuches je nach Art des Pflegebetriebs und der Versorgung (ambulante, teilstationäre und vollstationäre Pflege)</li>



<li>Kalkulation von Pflegesätzen und Leistungen</li>



<li>Berechnungsgrundlagen für Vergütungsverhandlungen mit den Pflegekassen</li>



<li>Möglichkeit der Förderung von Investitionsaufwendungen</li>



<li>Aktuelle Entwicklungen im Pflegesektor (z.B. Ambulantisierung der Pflege, Umsetzung der tarifgerechten Entlohnung)</li>
</ul>
</div></div></div>
</div>



<div class="wp-block-kenta-blocks-cover alignfull kb-cover-1fb89e1e kb-cover kb-cover-has-overlay"><div class="kb-cover-inner-container">
<div class="wp-block-kenta-blocks-spacer kb-spacer-dee6dc32 kb-spacer" aria-hidden="true"></div>



<div class="wp-block-kenta-blocks-heading kb-heading kb-heading-h1 kb-heading-818c1d7f kenta-scroll-reveal"><h1>Beratung für<br>IMMOBILIEN</h1></div>



<div class="wp-block-kenta-blocks-section kb-section-6ae9044b kb-section">
<div class="wp-block-kenta-blocks-column kb-column-wrapper kb-column-wrapper-171b6416"><div class="kb-column kb-column-171b6416"><div class="kb-column-content">
<p class="has-background" style="background:linear-gradient(135deg,rgba(255,255,255,0.64) 0%,rgba(255,255,255,0.64) 100%)"><strong>Durch meine Zertifizierung zur Beraterin für die Immobilienbesteuerung und -verwaltung (IFU/ISM gGmbH) verfüge ich über Spezialkenntnisse im Immobilienbereich. Im Folgenden finden Sie eine Übersicht und beispielhafte Auflistung möglicher Themen.</strong></p>
</div></div></div>



<div class="wp-block-kenta-blocks-column kb-column-wrapper kb-column-wrapper-61e8394c"><div class="kb-column kb-column-61e8394c"><div class="kb-column-content"></div></div></div>
</div>



<div class="wp-block-kenta-blocks-spacer kb-spacer-92bdfaf6 kb-spacer" aria-hidden="true"></div>
</div></div>



<div class="wp-block-kenta-blocks-section alignwide kb-section-023cf872 kb-section">
<div class="wp-block-kenta-blocks-column kb-column-wrapper kb-column-wrapper-2e048b30 kenta-scroll-reveal"><div class="kb-column kb-column-2e048b30"><div class="kb-column-content">
<div class="wp-block-kenta-blocks-heading kb-heading kb-heading-h3 kb-heading-20fdfc98"><h3>Themen und Fachkenntnisse</h3></div>



<ul>
<li>Vermietung im Bereich des Privatvermögens und Sonderfälle (verbilligte Vermietung, Luxuswohnungen, Ferienwohnungen)</li>



<li>Besonderheiten bei Werbungskosten (vorweggenommene und nachträgliche Werbungskosten, Erhaltungsaufwendungen versus Herstellungskosten)</li>



<li>Abgrenzung zwischen privater Vermögensverwaltung und Gewerblichkeit</li>



<li>Sonderformen der Nutzungsüberlassung von Grundbesitz im Betriebsvermögen&nbsp;&nbsp;&nbsp;&nbsp;<br>(z.B. Gewerblicher Grundstückshandel, Betriebsaufspaltung)</li>



<li>Veräußerung und Übertragung von Grundbesitz im Privat- und Betriebsvermögen</li>



<li>Vermögensverwaltende Gesellschaften</li>



<li>Aktuelle Entwicklungen im Immobilienbereich (z.B. Sonderabschreibung für Mietwohnungsneubau)</li>
</ul>
</div></div></div>
</div>

https://stb-klein-bölting.de/index.php?rest_route=/wp/v2/pages/270

https://stb-klein-bölting.de/index.php?rest_route=/wp/v2/pages

https://stb-klein-bölting.de/index.php?rest_route=/wp/v2/types/page

https://stb-klein-bölting.de/index.php?rest_route=/wp/v2/users/1

https://stb-klein-bölting.de/index.php?rest_route=%2Fwp%2Fv2%2Fcomments&post=270

https://stb-klein-bölting.de/index.php?rest_route=/wp/v2/pages/270/revisions

https://stb-klein-bölting.de/index.php?rest_route=/wp/v2/pages/270/revisions/605

https://stb-klein-bölting.de/index.php?rest_route=%2Fwp%2Fv2%2Fmedia&parent=270
